s*q = 4*o - 9. What is the units digit of q?
1
Let q = -13 + 15. Suppose 0 = -d + q*d - 36. What is the tens digit of d?
3
Suppose -7 + 62 = 5*i. What is the units digit of i?
1
Suppose 5*c = -4*j + 83, 6*j + 22 = 2*c + 2*j. What is the tens digit of c?
1
Let b(v) = v**2. Let r be b(2). Suppose q = -r*q + 60. What is the units digit of q?
2
Suppose -286 + 85 = -3*m. What is the tens digit of m?
6
Suppose 0 = -6*z + z + 440. What is the units digit of z?
8
Let b(j) = -1. Let t(p) = -p - 2. Let d(a) = b(a) - t(a). Suppose -6*z + 83 = 29. What is the units digit of d(z)?
0
Let d be 2*(-10)/12*-6. Suppose 0 = -5*f + 10 + d. Suppose x - f = -3*x. What is the units digit of x?
1
Let i(l) = -13*l - 1. What is the units digit of i(-1)?
2
Let n(s) = -6*s. Suppose 2*r - 4*m + 28 = 0, -3*r - 4*m + 3*m - 7 = 0. What is the units digit of n(r)?
4
Suppose -z + 6*z - 1079 = -3*h, -2*z + 2*h + 438 = 0. What is the units digit of z?
7
Let s(k) = 6*k**3 + 2*k**2 - 3*k + 2. Let l be s(2). Let a = 41 - 8. Let d = l - a. What is the units digit of d?
9
What is the units digit of 85*1/(-2)*(-8)/10?
4
What is the tens digit of 20/(-30) + (-166)/(-6)?
2
Let n = 19 + -11. Suppose 5*r + 72 = n*r. What is the units digit of r?
4
Suppose -2*a - 2*m = -250, -369 = -0*a - 3*a - m. What is the tens digit of a?
2
Let p(d) = d + 9. Let c be p(-7). Let o = 7 - c. Suppose 0 = -3*a - 2*a + k + 26, -o*a = 2*k - 38. What is the units digit of a?
6
Let z(o) = 19 + 2*o**2 + 0*o**2 - 17. What is the units digit of z(2)?
0
Let u be (-4)/(-6) - 2/3. Suppose u = 3*d + 3. What is the units digit of d/(-5) + 28/10?
3
Suppose x = -2*x + 21. Suppose -5*v + z = -1, v + 4*v = 3*z - x. What is the units digit of v?
1
Suppose 5*h - 195 = -0*k - k, -172 = -4*h - 4*k. What is the tens digit of h?
3
Suppose 3*n - 379 = -u, n - 4*u = 5*n - 516. What is the units digit of n?
5
Let v(d) = -7*d**2 - 5*d + 2. Let b(r) = -15*r**2 - 9*r + 4. Let u(n) = -6*b(n) + 13*v(n). What is the units digit of u(-5)?
2
Suppose 14 + 1 = 3*c. Let q(d) = d**2 - 4*d - 3. Let k be q(c). What is the units digit of 1/2*28/k?
7
Suppose 4*d + 5*w = 264, 9 = 2*w + 1. Suppose 5*u - d = 14. What is the tens digit of u?
1
Suppose 3*p - 151 = 2*v, 3*p - 59 = -2*v + 72. Let c = -28 + p. What is the units digit of c?
9
Let y be (122/(-8))/(6/(-24)). Let p = -31 + y. What is the units digit of p?
0
Let i be -1 - -1 - (3 - 103). Suppose -3*t - i = -7*t. What is the units digit of t?
5
Suppose 1 = -m - 0*m. Let y(j) = -j - 6. Let h be y(-6). What is the units digit of (h + (-2 - m))*-7?
7
Suppose w - 44 = 5*j, 0 = -j + 3*j + 8. What is the tens digit of w?
2
Suppose 0 = 4*i - 95 - 21. What is the units digit of i?
9
Let t(r) be the second derivative of -r**5/20 + r**4/12 + 3*r**2/2 - r. Let y be t(0). Let k = y - -9. What is the tens digit of k?
1
Let a(b) = 16*b + 2. What is the units digit of a(4)?
6
Suppose 4*v - 3*n = 346, -5*v - 2*n + 557 - 136 = 0. What is the tens digit of v?
8
Let w be (-4)/6 + 2/3. Let o(h) = h. Let a be o(w). Let j = 2 - a. What is the units digit of j?
2
Let y(i) = -2*i + 2*i + 1 - 3*i. What is the tens digit of y(-11)?
3
Let c(o) = -o**2 + 12. Let p be c(0). Suppose -p - 3 = 5*x. What is the units digit of 6/(-5)*50/x?
0
What is the units digit of ((-27)/(-5))/(1/5)?
7
Suppose b = 3*s - 127 + 43, 5*b = 0. Let v be s/8 - (-2)/4. Suppose 0 = d - v - 2. What is the units digit of d?
6
Suppose w - 1 - 2 = 0. Suppose -4*r = 4*q - 12 - 40, 7 = w*r - 5*q. Suppose -29 + r = -4*s. What is the units digit of s?
5
Let o = -187 - -348. What is the hundreds digit of o?
1
Let k(g) = -30*g. Suppose 5*y = -4 - 1, 3*y + 7 = -4*f. Let j be k(f). What is the units digit of j/(-4)*(-16)/12?
0
Suppose 0 = 2*c - c. Suppose c = 4*r + 18 - 58. What is the units digit of r?
0
Let a(h) = -3*h + 34. What is the tens digit of a(-15)?
7
Suppose 0 = 4*d - 0*f - 2*f + 14, 0 = -d + f - 6. Let s be (-7)/14*(d - -33). What is the units digit of s/(-6)*(3 + 0)?
8
What is the tens digit of (-4 + -3 + -212)*(-3)/3?
1
What is the tens digit of 262 - ((-136)/51 - 2/6)?
6
Let h = 39 + -22. Let m = -9 + h. What is the units digit of m?
8
What is the units digit of 4 - -3*3/9?
5
Let j(q) = 2*q - 11. Let i(m) = 3*m - 12. Let z(u) = -4*i(u) + 5*j(u). What is the units digit of z(-6)?
5
Suppose -2*v - 1 = 5*a, -v = -3*a - 0*a - 5. Let p be ((-8)/(-10))/(v/(-15)). What is the units digit of (-4)/(-6) - 2/p?
1
Let w = 58 + -41. Let t be (3 - 1) + (-1 - w). What is the units digit of 6/4*t/(-12)?
2
Let i be (20/45)/(4/18). Let y = 35 - i. What is the units digit of y?
3
Let s(z) = -4*z**2 + z - 1. Let l be s(1). What is the units digit of ((-2)/(-2))/((-1)/l)?
4
Let o(b) = b**3 + 4*b**2 + 221. What is the units digit of o(0)?
1
Suppose -3*u = -5*u - 2. Let r be -1 + u - (1 + -18). Suppose y - 1 - r = 0. What is the tens digit of y?
1
Let m = 33 + -20. What is the tens digit of m?
1
Suppose -311 = -3*n - 4*r, -91 = -n + 2*r + 3*r. What is the hundreds digit of n?
1
Let v = -6 - -11. Suppose 1 = v*b + 31. Let p = b + 15. What is the units digit of p?
9
Suppose -d - 226 = -2*p + 3*d, -3*p - 2*d + 363 = 0. What is the hundreds digit of p?
1
Let b(d) = -d**3 + 6*d**2 + 16*d - 12. Let t(l) = l - 1. Let k(z) = -b(z) + 5*t(z). Let r be k(7). What is the units digit of r/(-14)*4/6?
1
Suppose 2*g - 173 + 35 = 0. What is the tens digit of g?
6
Suppose -6*t + 2*t = 0. Let p = t - -1. What is the units digit of p?
1
Let z be ((-25)/(-15))/((-3)/(-9)). What is the tens digit of 20 + -2 - (9 - z)?
1
Let a(o) = -o**3 - 5*o**2 + 2*o - 3. Let f be a(-6). Let t = -17 + f. What is the units digit of t?
4
Let x = -144 - -300. What is the tens digit of x?
5
Let j = -33 + 19. Let h be j/(-2 - (0 - 0)). Let l = h + 3. What is the units digit of l?
0
Let r(t) = -t**2 + 4. Let c(j) = 5*j**2 - 21. Let v(s) = -2*c(s) - 11*r(s). What is the units digit of v(2)?
2
Let o be (1 - 0)*(1 + 2). Suppose -5*c + 4*t + 108 = -c, t = o*c - 83. What is the tens digit of c?
2
Suppose -4*u + 58 = 318. Let l = -32 - u. What is the tens digit of l?
3
Let k(j) = j**2 - 2*j + 30. What is the units digit of k(-7)?
3
Suppose 95 + 10 = 7*v. What is the tens digit of v?
1
Suppose g - 1 = 5. What is the units digit of (-24)/2*(-2)/g?
4
Suppose 2*p - 35 = 55. Let l = -21 + p. What is the tens digit of -4 - -5 - l/(-2)?
1
Let g(s) = 4*s**2 - 4*s - 4. Let k be g(4). Suppose u - k = -3*u. What is the tens digit of u?
1
Suppose 8 = 4*a - 44. What is the tens digit of (-12)/(-16)*4 + a?
1
Let g = 250 + -102. What is the hundreds digit of g?
1
Let m(l) = 2*l**3 - 3*l**2 + 6*l - 10. What is the tens digit of m(4)?
9
Let x(q) be the second derivative of 4*q**5/5 + q**4/12 - q**3/6 + 7*q. Suppose 0 = -4*d - 1 + 5. What is the tens digit of x(d)?
1
Suppose 2*s = 8*s - 900. What is the units digit of s?
0
Let c = -11 + 5. Let p = -1 - -9. Let r = c + p. What is the units digit of r?
2
Suppose 55 = 3*g - 2*b, 0 = -g + 4*b - 0*b + 25. Let c = 29 - g. What is the units digit of c?
2
Suppose 3*f - 7*f + 4 = 0, -5*i + 38 = -2*f. What is the units digit of i?
8
Let x be -1 + 3 - (3 - 3). Let t(d) = 3*d - 3. Let b be t(x). Suppose -b*n = -1 + 4, 5*n = r - 12. What is the units digit of r?
7
Suppose -5*h = -0*s + s - 112, 2*h - 2*s = 52. What is the units digit of h?
3
Let n(g) = g**3 - 5*g**2 + 7*g - 6. Let t = -2 + 6. Let u be n(t). What is the units digit of 2/((-2)/1) + u?
5
Let h be 3/(-2)*(-4 - -2). Let t(u) = -1 + 3 + u**2 + u + h*u**2 - 3*u**2. What is the units digit of t(-2)?
4
Suppose -8*i + 594 = -902. What is the hundreds digit of i?
1
Let t(z) = -z**3 + 6*z**2 - 5*z + 7. Let u be 94/18 + (-8)/36. What is the units digit of t(u)?
7
Suppose -18 = 2*y + y. Suppose 4 = -3*k - 11, 0 = 2*s - 2*k + 4. Let f = y - s. What is the units digit of f?
1
Suppose j = -2*j + 6. Suppose 0 = 3*y - 5*l + 22, j*l = y - 4*y - 8. What is the units digit of (10/15)/(y/(-6))?
1
Let u(v) = -v**2 + 8*v + 1. Let f be u(9). Let c = -17 - f. What is the units digit of (-6)/c*3*1?
2
Let j = 1 + 3. What is the units digit of j?
4
Suppose -174 = 6*u - 12*u. What is the tens digit of u?
2
Suppose -2*s + 3 = 19. Let k = s + 14. What is the units digit of k?
6
Suppose -10*w + 5*w = 175. Let c = 56 + w. What is the tens digit of c?
2
Suppose